e prime factors of g.
2
List the prime factors of 2/4 - (73/(-2) - 4).
41
Suppose 3*n - 413 = 5*u - 0*u, -5*u = 4*n - 574. List the prime factors of n.
3, 47
Suppose 13*p - 5*p = 2240. What are the prime factors of p?
2, 5, 7
Let s be 23/4 - (-9)/(-12). Suppose s = 8*n - 7*n. What are the prime factors of n?
5
Let v = -3 + 7. Suppose -v*z = 153 - 41. Let f = -20 - z. List the prime factors of f.
2
Suppose 4*w = -0 + 12, -5*r + 3*w = -146. Suppose -2*i + 5*m = -7, 0*i = i + 3*m - r. List the prime factors of i.
2
Suppose b = 6*b - 205. Suppose 2*l - 1 - b = 0. List the prime factors of l.
3, 7
Suppose 3*x - 6 = -24. Let m = -5 - x. List the prime factors of m/((-1)/(-13))*1.
13
Let g(p) = 3*p - 2. Let b be g(2). List the prime factors of ((-10)/b)/((-2)/4).
5
Suppose 0 = -2*f + 3*t - 11, 5*f - 1 = -3*t + t. Suppose -2*g + 40 = 3*g. List the prime factors of (2 - f)/(3/g).
2
Suppose 0 = 2*d + 29 + 3. List the prime factors of (0 + 20/(-16))*d.
2, 5
Let v be (-2 - -3)/(1/3). Suppose j + 10 = v*j. What are the prime factors of j?
5
Let z = 108 + 122. What are the prime factors of z?
2, 5, 23
Let g be (-53)/(-4) + 2/(-8). Suppose -y = y + 2*c + 22, 0 = 2*y + 4*c + 30. Let l = y + g. List the prime factors of l.
2, 3
Suppose 4*h - 3*p - 13 = 2*p, h - 1 = -p. Let z = h - 0. What are the prime factors of z?
2
Suppose -6*x + 349 + 971 = 0. List the prime factors of x.
2, 5, 11
Let o = -66 - -77. List the prime factors of o.
11
Suppose 2*r + 9 - 1 = 0, -2*s = 2*r - 2. Let v(f) be the first derivative of f**4/4 - 5*f**3/3 + f**2 - 4*f - 1. What are the prime factors of v(s)?
2, 3
Let t(y) = 2*y**3 - 6*y**2 - 8*y + 11. What are the prime factors of t(6)?
179
Suppose -5*f + 67 = 2*a, 41 = 2*f + f + 2*a. Suppose -4*j + 47 = -f. What are the prime factors of 1/2 - j/(-2)?
2
Let a = 207 - 92. Let d = a - 81. What are the prime factors of d?
2, 17
Suppose 0 = -4*l - 3*b + 271, -b + 4*b = -l + 79. Suppose -4*q = -4*h + l, q - 6 = 2*h - 3*h. List the prime factors of h.
11
Suppose 51 = -3*o - 0*o. Let q = -12 - o. Suppose 15 = -q*k + 95. List the prime factors of k.
2
Let i = -20 - -10. Suppose 3*n + 2*t + 19 + 25 = 0, -n - 38 = -4*t. Let q = i - n. What are the prime factors of q?
2
What are the prime factors of ((-13)/39)/(1/(-105))?
5, 7
Suppose -4*g - 6 = -2*v + 4, 0 = v + 4*g - 17. List the prime factors of v.
3
Let x(o) = -2*o**2 + 2. Let r(z) = 3*z**2 + z - 3. Let k(n) = 3*r(n) + 4*x(n). List the prime factors of k(-6).
17
Let r(c) = -3*c - 7. Let o be r(-7). Suppose o = 2*m + 6. What are the prime factors of 74/8 + 3/m?
2, 5
Let l(y) = 11*y - 5. Let d(g) = -11*g + 4. Let z(i) = -4*d(i) - 3*l(i). What are the prime factors of z(1)?
2, 5
Suppose j = 2*p - 315, 5*p - 795 = 3*j - 2*j. Suppose 0 = -8*x + 3*x + p. What are the prime factors of x?
2
Suppose -4*x = -5*d - 112, 3*x = 5*d - 58 + 142. What are the prime factors of x?
2, 7
Suppose -3*u + 72 = 2*h - h, 5*h - 374 = -u. Let n = h + -53. List the prime factors of n.
2, 11
Let t(q) = 17*q + 1. List the prime factors of t(5).
2, 43
Let l(f) = -7*f**2 + 2*f. Let i(y) = -8*y**2 + 2*y - 1. Let m(q) = 3*i(q) - 4*l(q). Let z be m(3). Suppose -w = 2*w - z. List the prime factors of w.
3
Let v be 2 - 4/(-1 - 0). Suppose 0*k - v = -k. What are the prime factors of (-6 + 0)*k/(-4)?
3
Let r(c) = -3*c + 2. What are the prime factors of r(-13)?
41
Let q(b) be the third derivative of -b**4/12 - b**2. Let l be q(4). What are the prime factors of ((-6)/(-4))/((-6)/l)?
2
Suppose -48 = -j - 4*w, 0 = -3*j - 2*w + 80 + 24. What are the prime factors of j?
2
Let a = -9 - -13. List the prime factors of (5/a)/(2/8).
5
Suppose -13*z + 996 = -z. What are the prime factors of z?
83
Let u(c) = -c**3 - c**2 + 3*c - 1. Let y be u(-3). Suppose 10 + y = -2*m. Let w = m + 14. What are the prime factors of w?
5
Let m(t) = t + 9. Suppose 0 = 2*p + p - 21. Suppose 3*k + 3 = i, -9 = k + 4*i - p*i. What are the prime factors of m(k)?
3
Suppose 3*q - 12 = -q. Let c = q - -6. List the prime factors of c.
3
Let x = -13 + 26. Let a = 21 - x. List the prime factors of a.
2
Suppose -4*p + p = -18. Let c be (39/p)/((-3)/(-6)). What are the prime factors of c*(-2 + 1)*-1?
13
Suppose -4*j + 2*p - 8 = -2*p, -4*j = 5*p - 28. What are the prime factors of (-12)/j*6/(-3)?
2, 3
What are the prime factors of 235/30*38 + 3/9?
2, 149
Suppose 0 = 5*g - 5*f + 10, 5*f + 0 = 20. Suppose g*i - 31 = 4*j + 29, -5*j = -2*i + 65. List the prime factors of i.
2, 5
Let u(s) = -s**2 + 4*s - 1. Let q(j) = 3*j**2 - 9*j + 1. Let v(c) = 2*q(c) + 5*u(c). Let x be v(-3). Suppose x = 3*f - 5 - 4. List the prime factors of f.
3
Let y be ((-2)/5)/((-7)/35). Suppose y*k = 5*z - 83, 3*k + 12 = z - 2*k. What are the prime factors of z?
17
Let t = 41 + -50. Suppose -m - 81 = 5*y + m, -m = 3*y + 48. Let k = t - y. What are the prime factors of k?
2, 3
Let u(d) = -18*d - 26. What are the prime factors of u(-6)?
2, 41
Let s(d) be the first derivative of 1/2*d**2 - 3 + 7*d. What are the prime factors of s(5)?
2, 3
Suppose 0 = 19*o - 21*o + 114. List the prime factors of o.
3, 19
Let n = 172 - 168. Let g be 140/6 + (-2)/6. Suppose n*q - 29 = g. List the prime factors of q.
13
Let j = -2 - -1. Let z = j - -3. Suppose 0 = z*c + c - 24. List the prime factors of c.
2
Let r be 7 + (-2 - (1 + -1)). Suppose -r*t = -2*t - 42. List the prime factors of t.
2, 7
Suppose -2*r + 103 = -65. Suppose 5*d - 7*d = -r. What are the prime factors of d?
2, 3, 7
Suppose 3*n - o = 155, 5*o + 214 = -n + 5*n. What are the prime factors of n?
3, 17
Let p = 1 + 2. Suppose p*f + 2*f = 40. What are the prime factors of f?
2
What are the prime factors of -1 + 170 + -1 + -3 + 1?
2, 83
Let k(h) = -2 - 6*h - h**3 + 7 - 1 + 0*h**2 + 6*h**2. What are the prime factors of k(4)?
2, 3
Suppose -4*o + 5*q + 612 = 0, 2*o - 3*q - 2*q - 306 = 0. List the prime factors of o.
3, 17
Suppose -3*b = 2*b. Let q = 2 + b. Let m(k) = 4*k + 2. List the prime factors of m(q).
2, 5
Let q(t) = 26*t**2 - 2*t. Let a be q(2). Suppose -l = -5*l + 2*j + a, 4*l - 4*j = 96. What are the prime factors of l?
2, 13
Let z = -177 - -386. What are the prime factors of z?
11, 19
Let f = -44 - -65. List the prime factors of f.
3, 7
Let p = 87 - -8. Suppose -2*a - p = -7*a. What are the prime factors of a?
19
Suppose 69 = -4*c + c. What are the prime factors of (0 + c/2)*-2?
23
Let b(c) = -8*c**2 - 5 + c**3 + 0 + 6*c - 14*c. Let m be b(9). Suppose -m*o + 0*o = -40. List the prime factors of o.
2, 5
Let z = -13 + 56. List the prime factors of (1 + z)*2/4.
2, 11
Let t(k) = k**3 - 3*k**2 + 3*k. List the prime factors of t(2).
2
Let l(d) = d**2 + 2*d - 18. What are the prime factors of l(-9)?
3, 5
Suppose j + 4*t - 5 = -0*t, 10 = 2*j - 4*t. List the prime factors of j.
5
Let f be -11 - (-1 + 1 + -1). Let g = f - -31. List the prime factors of g.
3, 7
Let m(q) = 3*q**2 + 10*q + 8. Let r be m(-7). Suppose 2*d + 4*t - 22 = 0, 5*d + 0*d - r = 5*t. What are the prime factors of d?
3, 5
Let i(k) = k**2 + 15*k - 19. What are the prime factors of i(8)?
3, 5, 11
Let v be (2 - -1)/3 - -34. Suppose -v = -0*g - 5*g. What are the prime factors of g?
7
List the prime factors of 2/(-3) - (-400)/15.
2, 13
Suppose a - 3*s - 32 = 0, 2*s - 61 = -4*a - 3. List the prime factors of 474/a + (-6)/(-51).
2, 7
Suppose c - 56 = -22. List the prime factors of c.
2, 17
Let s(b) be the second derivative of -b**5/20 + b**4/2 - 2*b**3/3 + b**2 + 2*b. Let t be s(6). Let f = -14 - t. What are the prime factors of f?
2
List the prime factors of 327 + (-5)/(5/(-3)).
2, 3, 5, 11
Let v(m) = 6*m + 5. Let y(a) = a. Let h(l) = -v(l) + 2*y(l). List the prime factors of h(-5).
3, 5
Let h(o) = 9*o - 5. Let k(r) = -r**2 + 8*r - 2. Let b be k(7). Let w be h(b). Suppose -4*l + 8 = -w. List the prime factors of l.
2, 3
Let h = -13 - -9. Let w = 6 + h. List the prime factors of w.
2
Suppose 0 = -4*c + 9 - 1. Suppose -3*u - c*z + 39 = -0*u, -4*z - 10 = -2*u. List the prime factors of u.
11
Suppose 0*z - 5 = -z. Let m = 9 - z. Suppose -m*u + 15 = -17. List the prime factors of u.
2
Let s = 12 - 12. Suppose 2 - 5 = -l - 5*q, -5*l - 4*q + 15 = s. List the prime factors of l.
3
Let w be 2*(6*50 + 0). Suppose 2*d = -3*d + w. List the prime factors of (2/4)/(5/d).
2, 3
Let v = 24 - 25. List the prime factors 